{"id":75,"date":"2018-01-01T17:47:44","date_gmt":"2018-01-01T16:47:44","guid":{"rendered":"http:\/\/bitumen1.de\/jsch\/?page_id=75"},"modified":"2021-11-27T14:47:25","modified_gmt":"2021-11-27T13:47:25","slug":"film","status":"publish","type":"page","link":"http:\/\/xn--jensschfer-w5a.com\/?page_id=75","title":{"rendered":"Film"},"content":{"rendered":"<div align=\"Right\"><a href=\"http:\/\/www.schauspielervideos.de\/video\/jens-schaefer?vs=m&amp;\" rel=\"noopener\" target=\"_blank\">zum SHOWREEL 2018<\/a><\/div>\n<p>KINO (Auswahl)<\/p>\n<table width=\"643\">\n<tbody>\n<tr>\n<td width=\"40\"><strong>2017<\/strong><\/td>\n<td width=\"602\"><strong>Fenster (Kraftklub)<\/strong> | Musikvideo | Hauptdarsteller |<br \/>\nRegie: Mario Clement, Chead Abdallah | <a href=\"https:\/\/www.youtube.com\/watch?v=tJB89tfZ1e0\" target=\"_blank\" rel=\"noopener\"> LINK<\/a><\/td>\n<\/tr>\n<tr>\n<td width=\"40\"><strong>2012<\/strong><\/td>\n<td width=\"602\"><strong>Herbstflattern<\/strong> | Rolle: Stephan Gutmann | KINO | Regie: Birgitta Weizenegger<\/td>\n<\/tr>\n<tr>\n<td width=\"40\"><strong>2010<\/strong><\/td>\n<td width=\"602\"><strong>Die R\u00e4uberin<\/strong> | Rolle: Manfred | KINO | Regie: Markus Busch<\/td>\n<\/tr>\n<tr>\n<td width=\"40\"><strong>2006<\/strong><\/td>\n<td width=\"602\"><strong>Fabulae Amoris<\/strong> | Rolle: J\u00f6rg | dffb | Regie: Jana Godintschuk<\/td>\n<\/tr>\n<tr>\n<td width=\"40\"><strong>2000<\/strong><\/td>\n<td width=\"602\"><strong>Nick Knatterton<\/strong> | Rolle: Nick Knatterton | KINO | Regie: Niki List<\/td>\n<\/tr>\n<tr>\n<td width=\"40\"><strong>1999<\/strong><\/td>\n<td width=\"602\"><strong>Der tote Taucher im Wald<\/strong> | Rolle: Tobias Kutschke | KINO | Regie: Marcus O. Rosenm\u00fcller<\/p>\n<p>(Nominierung Jupiter- Award als bester Hauptdarsteller\/ Kino national)<\/td>\n<\/tr>\n<\/tbody>\n<\/table>\n<p>TV (Auswahl)<\/p>\n<table width=\"642\">\n<tbody>\n<tr>\n<td width=\"39\"><strong>2021<\/strong><\/td>\n<td width=\"603\"><strong>Soko Wismar- Egon ist tot <\/strong>I Rolle: Ole Janson I ZDF I Regie: Oliver Dommenget<\/td>\n<\/tr>\n<\/tbody>\n<\/table>\n<table width=\"642\">\n<tbody>\n<tr>\n<td width=\"39\"><strong>2019<\/strong><\/td>\n<td width=\"603\"><strong>Die Heiland- Wir sind Anwalt: Ausgemustert <\/strong>I Rolle: Oberst Rolf Bender I ARD I Regie: Oliver Dommenget<\/p>\n<p><strong>In aller Freundschaft- Die Krankenschwestern: In der Familie<\/strong> | Rolle: Karl Neukamm | ARD | Regie: Franziska Jahn<\/td>\n<\/tr>\n<\/tbody>\n<\/table>\n<table width=\"642\">\n<tbody>\n<tr>\n<td width=\"39\"><strong>2018<\/strong><strong><\/strong><\/p>\n<p><strong>2017<\/strong><\/td>\n<td width=\"603\"><strong>Die Aff\u00e4re Borgward <\/strong>Rolle: Otto Carstens\/ NDR ARD\/ Regie: Marcus O. Rosenm\u00fcller<\/p>\n<p>Deutscher Wirtschaftsfilmpreis 2019, 1. Preis, Kategorie Wirtschaft gut erkl\u00e4rt, f\u00fcr &#8222;Die Aff\u00e4re Borgward (Rolle: Otto Carstens), Regie: Marcus O. Rosenm\u00fcller<\/p>\n<p><strong>Der Staatsanwalt &#8211; Vollstreckt<\/strong> | Rolle: Werner Mohr | ZDF | Regie: Esther Gronenborn<\/td>\n<\/tr>\n<tr>\n<td width=\"39\"><\/td>\n<td width=\"603\"><strong>Berlin Station<\/strong> | TV-Serie USA | Regie: John David Coles<\/td>\n<\/tr>\n<tr>\n<td width=\"39\"><strong>2016<\/strong><\/td>\n<td width=\"603\"><strong>Soko Wismar &#8211; t\u00f6dlich frisch<\/strong> | Rolle: Frank Rausch | ZDF | Regie: Oren Schmuckler<\/td>\n<\/tr>\n<tr>\n<td width=\"39\"><\/td>\n<td width=\"603\"><strong>Gladbeck<\/strong> | Rolle: SEK Leiter Schulz | ARD | Regie: Kilian Riedhof<\/p>\n<p><span>&#8222;Golden Bird&#8220; f\u00fcr bestes<\/span><span>TV-Movie und Preis f\u00fcr beste Regie bei den Seoul International Drama Awards 2018 | Deutscher<\/span><span>Schauspielpreis &#8211; Ensemble 2018 | Deutscher Fernsehpreis &#8211; Bester Mehrteiler 2019<\/span><\/td>\n<\/tr>\n<tr>\n<td width=\"39\"><\/td>\n<td width=\"603\"><strong>Ich werde nicht schweigen<\/strong> | Rolle: Arnold Eversen | ZDF | Regie: Esther Gronenborn<\/td>\n<\/tr>\n<tr>\n<td width=\"39\"><\/td>\n<td width=\"603\"><strong>Taunuskrimi &#8211; Die Lebenden und die Toten<\/strong> | Rolle: Frank Behnke | 2-Teiler ZDF | Regie: Marcus O. Rosenm\u00fcller<\/td>\n<\/tr>\n<tr>\n<td width=\"39\"><\/td>\n<td width=\"603\"><strong>In aller Freundschaft &#8211; Die jungen \u00c4rzte<\/strong> | Rolle: Claus Teubner | ARD | Regie: David Carreras<\/td>\n<\/tr>\n<tr>\n<td width=\"39\"><strong>2015<\/strong><\/td>\n<td width=\"603\"><strong>Taunuskrimi &#8211; B\u00f6ser Wolf<\/strong> | Rolle: Frank Behnke | 2-Teiler ZDF | Regie: Marcus O. Rosenm\u00fcller<\/td>\n<\/tr>\n<tr>\n<td width=\"39\"><\/td>\n<td width=\"603\"><strong>Der Kriminalist &#8211; Die Liebeslehrerin<\/strong> | ZDF | Regie: Christian G\u00f6rlitz<\/td>\n<\/tr>\n<tr>\n<td width=\"39\"><\/td>\n<td width=\"603\"><strong>Soko Leipzig &#8211; Verrat<\/strong> | Rolle: j\u00fcngerer Gerd Hilliges | ZDF | Regie: Andreas Morell<\/td>\n<\/tr>\n<tr>\n<td width=\"39\"><strong>2014<\/strong><\/td>\n<td width=\"603\"><strong>Die Insassen<\/strong> | Rolle: Chauffeur | ZDF | Regie: Franziska Meyer-Price<\/td>\n<\/tr>\n<tr>\n<td width=\"39\"><\/td>\n<td width=\"603\"><strong>Taunuskrimi &#8211; Wer Wind s\u00e4t<\/strong> | Rolle: Frank Behnke | ZDF | Regie: Marcus O. Rosenm\u00fcller<\/td>\n<\/tr>\n<tr>\n<td width=\"39\"><\/td>\n<td width=\"603\"><strong>Soko Wismar &#8211; Platzpatronen<\/strong> | Rolle: Christian Metzeler | ZDF | Regie: Oliver Dommenget<\/td>\n<\/tr>\n<tr>\n<td width=\"39\"><\/td>\n<td width=\"603\"><strong>Morden im Norden &#8211; T\u00f6dliche Beobachtung<\/strong> | Rolle: Peter Ringwald | ARD | Regie: Matthias Kopp<\/td>\n<\/tr>\n<tr>\n<td width=\"39\"><\/td>\n<td width=\"603\"><strong>Ein Fall von Liebe <\/strong>| Rolle: Lohmann | mehrere Folgen | ARD | Regie: Sascha Thiel, Oliver Dommenget<\/td>\n<\/tr>\n<tr>\n<td width=\"39\"><strong>2013<\/strong><\/td>\n<td width=\"603\"><strong>Small hands in a big war<\/strong> | Rolle: Konrad Krauss | TV-Mehrteiler International | Regie: Matthias Zirzow<\/td>\n<\/tr>\n<tr>\n<td width=\"39\"><\/td>\n<td width=\"603\"><strong>Spreewaldkrimi &#8211; Die Tote im Weiher<\/strong> | ZDF | Regie: Sherry Horman<\/td>\n<\/tr>\n<tr>\n<td width=\"39\"><\/td>\n<td width=\"603\"><strong>Hauptstadtrevier &#8211; Schwesternkrieg<\/strong> | Rolle: Frank Kopke | ARD | Regie: Michael Wenning<\/td>\n<\/tr>\n<tr>\n<td width=\"39\"><strong>2012<\/strong><\/td>\n<td width=\"603\"><strong>Ein Fall von Liebe &#8211; Annas Baby<\/strong> | Rolle: Lohmann | ARD | Regie: Jorgo Papavassiliou<\/td>\n<\/tr>\n<tr>\n<td width=\"39\"><\/td>\n<td width=\"603\"><strong>Soko Wismar &#8211; Stummer Zeuge<\/strong> | Rolle: Peter Grabowski | ZDF | Regie: Bruno Grass<\/td>\n<\/tr>\n<tr>\n<td width=\"39\"><strong>2011<\/strong><\/td>\n<td width=\"603\"><strong>Ein Fall f\u00fcr zwei &#8211; Mord im Taunus<\/strong> | Rolle: Oberstaatsanwalt | ZDF | Regie: Axel Barth<\/td>\n<\/tr>\n<tr>\n<td width=\"39\"><\/td>\n<td width=\"603\"><strong>Die Geisterfahrer<\/strong> | Rolle: Betriebschef | ZDF | Regie: Lars Becker<\/td>\n<\/tr>\n<tr>\n<td width=\"39\"><\/td>\n<td width=\"603\"><strong>Tier\u00e4rztin Dr. Mertens<\/strong> | Rolle: Lutz Gerrat | ARD | Regie: Holger Barthel<\/td>\n<\/tr>\n<tr>\n<td width=\"39\"><strong>2010<\/strong><\/td>\n<td width=\"603\"><strong>Tatort Niedersachsen &#8211; Mord in der 1. Liga<\/strong> | ARD | Regie: Nils Willbrandt<\/td>\n<\/tr>\n<tr>\n<td width=\"39\"><\/td>\n<td width=\"603\"><strong>Die Deutschen &#8211; Karl der Gro\u00dfe und die Sachsen<\/strong> | Rolle: Karl der Gro\u00dfe | ZDF &#8211; Titelrolle | Regie: Christian Twente<\/td>\n<\/tr>\n<tr>\n<td width=\"39\"><strong>2009<\/strong><\/td>\n<td width=\"603\"><strong>Soko Stuttgart &#8211; Tod im Wasser<\/strong> | Rolle: Lohmann | ZDF | Regie: Gero Weinreuter<\/td>\n<\/tr>\n<tr>\n<td width=\"39\"><\/td>\n<td width=\"603\"><strong>Soko Wien &#8211; Preis der Sch\u00f6nheit<\/strong> | Rolle: Nico Herbst | ZDF \/ ORF | Regie: Robert Sigl<\/td>\n<\/tr>\n<tr>\n<td width=\"39\"><\/td>\n<td width=\"603\"><strong>Der Kriminalist &#8211; Das Gest\u00e4ndnis<\/strong> | Rolle: Lutz Adamski | ZDF | Regie: Thomas Jahn<\/td>\n<\/tr>\n<tr>\n<td width=\"39\"><\/td>\n<td width=\"603\"><strong>CIS &#8211; Chaoten im Sondereinsatz<\/strong> | Rolle: Dr. Reihenhaus | RTL | Regie: Erik Haffner<\/td>\n<\/tr>\n<tr>\n<td width=\"39\"><strong>2008<\/strong><\/td>\n<td width=\"603\"><strong>Soko Leipzig &#8211; Masernparty<\/strong> | Rolle: Dr. Fuchs | ZDF | Regie: Christoph Eichhorn<\/td>\n<\/tr>\n<tr>\n<td width=\"39\"><strong>2007<\/strong><\/td>\n<td width=\"603\"><strong>Schuldig<\/strong> | Rolle: Kommissar Hellmann | ARD | Regie: Nils Willbrandt<\/td>\n<\/tr>\n<tr>\n<td width=\"39\"><\/td>\n<td width=\"603\"><strong>K\u00fcstenwache &#8211; Blutrache<\/strong> | Rolle: Walter Ambrosia | ZDF | Regie: Marcus Ulbricht<\/td>\n<\/tr>\n<tr>\n<td width=\"39\"><strong>2006<\/strong><\/td>\n<td width=\"603\"><strong>Napoleon und die Deutschen<\/strong> | Rolle: Johann Reinlein | Dokudrama ARD \/ Arte | Regie: Georg Schiemann<\/td>\n<\/tr>\n<tr>\n<td width=\"39\"><\/td>\n<td width=\"603\"><strong>F\u00fcnf Sterne &#8211; Familienbande<\/strong> | Rolle: Rob | ZDF | Regie: Matthias Kopp<\/td>\n<\/tr>\n<tr>\n<td width=\"39\"><\/td>\n<td width=\"603\"><strong>Soko 5113 &#8211; Blutsbr\u00fcder<\/strong> | Rolle: Hans Leineweber | ZDF | Regie: Marcus Ulbricht<\/td>\n<\/tr>\n<tr>\n<td width=\"39\"><\/td>\n<td width=\"603\"><strong>Soko Wismar &#8211; Stromschlag<\/strong> | Rolle: Erik Klemmer | ZDF | Regie: Severin Lohmer<\/td>\n<\/tr>\n<tr>\n<td width=\"39\"><strong>2004<\/strong><\/td>\n<td width=\"603\"><strong>Tatort &#8211; Nicht jugendfrei<\/strong> | Rolle: Michi | ARD \/ BR | Regie: Thomas Jauch<\/td>\n<\/tr>\n<tr>\n<td width=\"39\"><\/td>\n<td width=\"603\"><strong>Soko Wismar &#8211; Bankbesuch<\/strong> | Rolle: Detlef Mikolait | ZDF | Regie: Marcus Ulbricht<\/td>\n<\/tr>\n<tr>\n<td width=\"39\"><\/td>\n<td width=\"603\"><strong>Jetzt erst recht &#8211; Schmutzige W\u00e4sche<\/strong> | Rolle: Jan Dahlberg | ZDF | Regie: Andie Niessner<\/td>\n<\/tr>\n<tr>\n<td width=\"39\"><\/td>\n<td width=\"603\"><strong>Tatort &#8211; Der schwedische Freund<\/strong> | Rolle: Thomas Wei\u00dftaschl | ARD \/ SWR | Regie: Uli M\u00f6ller<\/td>\n<\/tr>\n<tr>\n<td width=\"39\"><strong>2003<\/strong><\/td>\n<td width=\"603\"><strong>Dornr\u00f6schens leiser Tod<\/strong> | Rolle: Kommissar Behnke | ZDF | Regie: Marcus O. Rosenm\u00fcller<\/td>\n<\/tr>\n<tr>\n<td width=\"39\"><\/td>\n<td width=\"603\"><strong>Alphateam &#8211; Spieglein, Spieglein an der Wand<\/strong> | Rolle: Felix Bergmann | Sat.1 | Regie: John Delbridge<\/td>\n<\/tr>\n<tr>\n<td width=\"39\"><\/td>\n<td width=\"603\"><strong>Die Rettungsflieger &#8211; V\u00e4ter und S\u00f6hne<\/strong> | Rolle: Fred | ZDF | Regie: Klaus Wirbitzky<\/td>\n<\/tr>\n<tr>\n<td width=\"39\"><\/td>\n<td width=\"603\"><strong>Alarm f\u00fcr Cobra 11 &#8211; Feuer und Flamme<\/strong> | Rolle: Thomas Westphal | RTL | Regie: Axel Sand<\/td>\n<\/tr>\n<tr>\n<td width=\"39\"><strong>2002<\/strong><\/td>\n<td width=\"603\"><strong>Samt und Seide<\/strong> | Rolle: Anwalt Andreas Straubinger | ZDF | durchgehend seit 1999 | Regie: Gunter Friedrich<\/td>\n<\/tr>\n<tr>\n<td width=\"39\"><\/td>\n<td width=\"603\"><strong>Das bisschen Haushalt<\/strong> | Rolle: Klaus | ARD | Regie: Sharon von Wietersheim<\/td>\n<\/tr>\n<tr>\n<td width=\"39\"><\/td>\n<td width=\"603\"><strong>Die Liebe kommt als Untermieter<\/strong> | Sat.1 | Regie: Markus Br\u00e4utigam<\/td>\n<\/tr>\n<tr>\n<td width=\"39\"><\/td>\n<td width=\"603\"><strong>Die Rosenheim Cops &#8211; Tod am 3. Loch<\/strong> | Rolle: Peter Kuscera | ZDF | Regie: Uli M\u00f6ller<\/td>\n<\/tr>\n<tr>\n<td width=\"39\"><strong>2001<\/strong><\/td>\n<td width=\"603\"><strong>Der Fahnder &#8211; Tod eines Strippers<\/strong> | Rolle: Dieter P\u00fctz | ARD | Regie: Lars Montag<\/td>\n<\/tr>\n<tr>\n<td width=\"39\"><\/td>\n<td width=\"603\"><strong>Soko 5113 &#8211; Amnesie<\/strong> | Rolle: Andreas Struck | ZDF | Regie: Carl Lang<\/td>\n<\/tr>\n<tr>\n<td width=\"39\"><strong>2000<\/strong><\/td>\n<td width=\"603\"><strong>Daterape<\/strong> | Rolle: Till | RTL | Regie: Michael Keusch<\/td>\n<\/tr>\n<\/tbody>\n<\/table>\n","protected":false},"excerpt":{"rendered":"<p>zum SHOWREEL 2018 KINO (Auswahl) 2017 Fenster (Kraftklub) | Musikvideo | Hauptdarsteller | Regie: Mario Clement, Chead Abdallah | LINK 2012 Herbstflattern | Rolle: Stephan Gutmann | KINO | Regie: Birgitta Weizenegger 2010 Die R\u00e4uberin | Rolle: Manfred | KINO | Regie: Markus Busch 2006 Fabulae Amoris | Rolle: J\u00f6rg [&hellip;]<\/p>\n","protected":false},"author":1,"featured_media":0,"parent":0,"menu_order":0,"comment_status":"closed","ping_status":"closed","template":"","meta":[],"_links":{"self":[{"href":"http:\/\/xn--jensschfer-w5a.com\/index.php?rest_route=\/wp\/v2\/pages\/75"}],"collection":[{"href":"http:\/\/xn--jensschfer-w5a.com\/index.php?rest_route=\/wp\/v2\/pages"}],"about":[{"href":"http:\/\/xn--jensschfer-w5a.com\/index.php?rest_route=\/wp\/v2\/types\/page"}],"author":[{"embeddable":true,"href":"http:\/\/xn--jensschfer-w5a.com\/index.php?rest_route=\/wp\/v2\/users\/1"}],"replies":[{"embeddable":true,"href":"http:\/\/xn--jensschfer-w5a.com\/index.php?rest_route=%2Fwp%2Fv2%2Fcomments&post=75"}],"version-history":[{"count":25,"href":"http:\/\/xn--jensschfer-w5a.com\/index.php?rest_route=\/wp\/v2\/pages\/75\/revisions"}],"predecessor-version":[{"id":396,"href":"http:\/\/xn--jensschfer-w5a.com\/index.php?rest_route=\/wp\/v2\/pages\/75\/revisions\/396"}],"wp:attachment":[{"href":"http:\/\/xn--jensschfer-w5a.com\/index.php?rest_route=%2Fwp%2Fv2%2Fmedia&parent=75"}],"curies":[{"name":"wp","href":"https:\/\/api.w.org\/{rel}","templated":true}]}}