{"id":77,"date":"2018-01-01T17:48:12","date_gmt":"2018-01-01T16:48:12","guid":{"rendered":"http:\/\/bitumen1.de\/jsch\/?page_id=77"},"modified":"2021-11-27T15:23:38","modified_gmt":"2021-11-27T14:23:38","slug":"sprechen","status":"publish","type":"page","link":"http:\/\/xn--jensschfer-w5a.com\/?page_id=77","title":{"rendered":"Sprechen"},"content":{"rendered":"<!--[if lt IE 9]><script>document.createElement('audio');<\/script><![endif]-->\n<audio class=\"wp-audio-shortcode\" id=\"audio-77-1\" preload=\"none\" style=\"width: 100%;\" controls=\"controls\"><source type=\"audio\/mpeg\" src=\"http:\/\/xn--jensschfer-w5a.com\/wp-content\/uploads\/2019\/11\/Fontane_1.mp3?_=1\" \/><a href=\"http:\/\/xn--jensschfer-w5a.com\/wp-content\/uploads\/2019\/11\/Fontane_1.mp3\">http:\/\/xn--jensschfer-w5a.com\/wp-content\/uploads\/2019\/11\/Fontane_1.mp3<\/a><\/audio>\n<audio class=\"wp-audio-shortcode\" id=\"audio-77-2\" preload=\"none\" style=\"width: 100%;\" controls=\"controls\"><source type=\"audio\/mpeg\" src=\"http:\/\/xn--jensschfer-w5a.com\/wp-content\/uploads\/2019\/11\/Fontane_2.mp3?_=2\" \/><a href=\"http:\/\/xn--jensschfer-w5a.com\/wp-content\/uploads\/2019\/11\/Fontane_2.mp3\">http:\/\/xn--jensschfer-w5a.com\/wp-content\/uploads\/2019\/11\/Fontane_2.mp3<\/a><\/audio>\n<audio class=\"wp-audio-shortcode\" id=\"audio-77-3\" preload=\"none\" style=\"width: 100%;\" controls=\"controls\"><source type=\"audio\/mpeg\" src=\"http:\/\/xn--jensschfer-w5a.com\/wp-content\/uploads\/2019\/11\/Fontane_3.mp3?_=3\" \/><a href=\"http:\/\/xn--jensschfer-w5a.com\/wp-content\/uploads\/2019\/11\/Fontane_3.mp3\">http:\/\/xn--jensschfer-w5a.com\/wp-content\/uploads\/2019\/11\/Fontane_3.mp3<\/a><\/audio>\n<audio class=\"wp-audio-shortcode\" id=\"audio-77-4\" preload=\"none\" style=\"width: 100%;\" controls=\"controls\"><source type=\"audio\/mpeg\" src=\"http:\/\/xn--jensschfer-w5a.com\/wp-content\/uploads\/2019\/11\/Fontane_4.mp3?_=4\" \/><a href=\"http:\/\/xn--jensschfer-w5a.com\/wp-content\/uploads\/2019\/11\/Fontane_4.mp3\">http:\/\/xn--jensschfer-w5a.com\/wp-content\/uploads\/2019\/11\/Fontane_4.mp3<\/a><\/audio>\n<audio class=\"wp-audio-shortcode\" id=\"audio-77-5\" preload=\"none\" style=\"width: 100%;\" controls=\"controls\"><source type=\"audio\/mpeg\" src=\"http:\/\/xn--jensschfer-w5a.com\/wp-content\/uploads\/2019\/11\/Fontane_5.mp3?_=5\" \/><a href=\"http:\/\/xn--jensschfer-w5a.com\/wp-content\/uploads\/2019\/11\/Fontane_5.mp3\">http:\/\/xn--jensschfer-w5a.com\/wp-content\/uploads\/2019\/11\/Fontane_5.mp3<\/a><\/audio>\n<audio class=\"wp-audio-shortcode\" id=\"audio-77-6\" preload=\"none\" style=\"width: 100%;\" controls=\"controls\"><source type=\"audio\/mpeg\" src=\"http:\/\/xn--jensschfer-w5a.com\/wp-content\/uploads\/2019\/11\/Fontane_6.mp3?_=6\" \/><a href=\"http:\/\/xn--jensschfer-w5a.com\/wp-content\/uploads\/2019\/11\/Fontane_6.mp3\">http:\/\/xn--jensschfer-w5a.com\/wp-content\/uploads\/2019\/11\/Fontane_6.mp3<\/a><\/audio>\n<p>H\u00f6rproben aus der Sendung &#8222;Zum 200. Geburtstag des Dichters Theodor Fontane&#8220; \/ Deutschlandfunk Kultur 30.06.2019<\/p>\n<p>Weitere H\u00f6rproben unter<\/p>\n<p>https:\/\/www.museum.de\/de\/audioguide\/29\/lang\/DE<\/p>\n<p>Unter anderem Hauptsprecher f\u00fcr Museum Helgoland, Wiedenbr\u00fccker Schule Museum, etc.<\/p>\n<p>Seit 1988 arbeite ich als <strong>Sprecher <\/strong>in den Bereichen:<\/p>\n<p>H\u00f6rspiel<\/p>\n<p>Literatur<\/p>\n<p>Lyrik<\/p>\n<p>Sachtext<\/p>\n<p>Kabarett<\/p>\n<p>Audio-Guide<\/p>\n<p>Werbung<\/p>\n<p>Produktionen f\u00fcr den <strong>Hessischen Rundfunk\/ Westdeutschen Rundfunk\/ Norddeutschen Rundfunk\/ Antenna Audio International\/ museum.de u.a.<\/strong><\/p>\n","protected":false},"excerpt":{"rendered":"<p>H\u00f6rproben aus der Sendung &#8222;Zum 200. Geburtstag des Dichters Theodor Fontane&#8220; \/ Deutschlandfunk Kultur 30.06.2019 Weitere H\u00f6rproben unter https:\/\/www.museum.de\/de\/audioguide\/29\/lang\/DE Unter anderem Hauptsprecher f\u00fcr Museum Helgoland, Wiedenbr\u00fccker Schule Museum, etc. Seit 1988 arbeite ich als Sprecher in den Bereichen: H\u00f6rspiel Literatur Lyrik Sachtext Kabarett Audio-Guide Werbung Produktionen f\u00fcr den Hessischen Rundfunk\/ [&hellip;]<\/p>\n","protected":false},"author":1,"featured_media":0,"parent":0,"menu_order":0,"comment_status":"closed","ping_status":"closed","template":"","meta":[],"_links":{"self":[{"href":"http:\/\/xn--jensschfer-w5a.com\/index.php?rest_route=\/wp\/v2\/pages\/77"}],"collection":[{"href":"http:\/\/xn--jensschfer-w5a.com\/index.php?rest_route=\/wp\/v2\/pages"}],"about":[{"href":"http:\/\/xn--jensschfer-w5a.com\/index.php?rest_route=\/wp\/v2\/types\/page"}],"author":[{"embeddable":true,"href":"http:\/\/xn--jensschfer-w5a.com\/index.php?rest_route=\/wp\/v2\/users\/1"}],"replies":[{"embeddable":true,"href":"http:\/\/xn--jensschfer-w5a.com\/index.php?rest_route=%2Fwp%2Fv2%2Fcomments&post=77"}],"version-history":[{"count":7,"href":"http:\/\/xn--jensschfer-w5a.com\/index.php?rest_route=\/wp\/v2\/pages\/77\/revisions"}],"predecessor-version":[{"id":402,"href":"http:\/\/xn--jensschfer-w5a.com\/index.php?rest_route=\/wp\/v2\/pages\/77\/revisions\/402"}],"wp:attachment":[{"href":"http:\/\/xn--jensschfer-w5a.com\/index.php?rest_route=%2Fwp%2Fv2%2Fmedia&parent=77"}],"curies":[{"name":"wp","href":"https:\/\/api.w.org\/{rel}","templated":true}]}}